{"id":3,"date":"2020-04-18T17:26:25","date_gmt":"2020-04-18T17:26:25","guid":{"rendered":"http:\/\/xasem.com\/?page_id=3"},"modified":"2021-02-19T17:42:02","modified_gmt":"2021-02-19T17:42:02","slug":"politica-privacitat","status":"publish","type":"page","link":"https:\/\/xasem.com\/ca\/politica-privacitat\/","title":{"rendered":"Pol\u00edtica de privacitat"},"content":{"rendered":"<div class=\"fusion-fullwidth fullwidth-box fusion-builder-row-1 nonhundred-percent-fullwidth non-hundred-percent-height-scrolling\" style=\"--link_hover_color: #ffffff;--awb-border-radius-top-left:0px;--awb-border-radius-top-right:0px;--awb-border-radius-bottom-right:0px;--awb-border-radius-bottom-left:0px;--awb-background-color:#cecece;--awb-flex-wrap:wrap;\" ><div class=\"fusion-builder-row fusion-row\"><div class=\"fusion-layout-column fusion_builder_column fusion-builder-column-0 fusion_builder_column_1_1 1_1 fusion-one-full fusion-column-first fusion-column-last\" style=\"--awb-bg-size:cover;--awb-margin-top:50px;--awb-margin-bottom:50px;\"><div class=\"fusion-column-wrapper fusion-column-has-shadow fusion-flex-column-wrapper-legacy\"><div class=\"fusion-text fusion-text-1\"><h1>POL\u00cdTICA<br \/>\nDE PRIVACITAT<\/h1>\n<p><strong>INFORMACI\u00d3 GENERAL PROTECCI\u00d3 DE DADES<\/strong><\/p>\n<p>De conformitat amb el Reglament (UE) 2016\/679, de 27 d\u2019abril del 2016, relatiu a la protecci\u00f3 de les persones f\u00edsiques en relaci\u00f3 al tractament de dades personals i a la lliure circulaci\u00f3 d\u2019aquestes dades, aix\u00ed com amb la normativa estatal de protecci\u00f3 de dades. XASEM Merchan &amp; Design s.l. informa:<\/p>\n<p><strong>1. QUI \u00c9S RESPONSABLE DEL TRACTAMENT DE LES SEVES DADES PERSONALS?<\/strong><br \/>\nL\u2019entitat que \u00e9s responsable del tractament de les seves dades personals \u00e9s:<\/p>\n<p><strong>Denominaci\u00f3 Social: <\/strong>XASEM Merchan &amp; Design s.l.<br \/>\n<strong>Domicili social: <\/strong>Pla\u00e7a de l&#8217;Ajuntament, 5. 08295 Sant Vicen\u00e7 de Castellet (Barcelona).<br \/>\n<strong>CIF\/NIF: <\/strong>B67268763<br \/>\n<strong>Tel\u00e8fon: <\/strong>93 516 73 15<br \/>\n<strong>E-Mail:<\/strong> <a href=\"mailto:info@xasem.com\">info@xasem.com<\/a><span class=\"Apple-converted-space\"><br \/>\n<\/span><strong>Nom de domini: <\/strong>www.xasem.com<\/p>\n<p><strong>2. PRINCIPIS CLAU<\/strong><br \/>\nValorem les dades personals que ens ha confiat i tenim el comprom\u00eds de Tractar les seves dades Personals de manera justa, transparent i segura. Els principis clau que XASEM Merchan &amp; Design s.l.<strong>\u00a0<\/strong>aplica s\u00f3n els seg\u00fcents:<br \/>\nLegalitat : nom\u00e9s recopilarem les seves Dades personals per a finalitats espec\u00edfiques, expl\u00edcites i leg\u00edtimes, i no processarem les seves dades personals de manera incompatible amb aquells prop\u00f2sits.<br \/>\nMinimitzaci\u00f3 de dades: limitarem la recollida de dades de car\u00e0cter personal a all\u00f2 que \u00e9s estrictament rellevant i necessari per a les finalitats que s\u2019han recopilat.<br \/>\nLimitaci\u00f3 de la Finalitat: nom\u00e9s recollirem les seves dades personals per a finalitats espec\u00edfiques, expl\u00edcites i leg\u00edtimes, i no processarem les seves dades personals de manera incompatible amb aquelles finalitats.<br \/>\nPrecisi\u00f3: mantindrem les seves dades personals exactes i actualitzades.<br \/>\nSeguretat de les Dades: aplicarem les mesures t\u00e8cniques i organitzatives adequades per garantir un nivell adient de seguretat en relaci\u00f3 amb el riscos que presenti el tractament i la naturalesa de les dades que hagin de protegir-se. Aquests mitjans s\u2019estableixen per prevenir de qualsevol divulgaci\u00f3 o acc\u00e9s no autoritzat, la destrucci\u00f3 accidental o il\u00b7l\u00edcita o la seva p\u00e8rdua accidental o alteraci\u00f3 i qualsevol altra forma de tractament il\u00b7l\u00edcit.<br \/>\nAcc\u00e9s i rectificaci\u00f3: tractarem les seves dades personals d\u2019acord amb els seus drets de privacitat.<br \/>\nConservaci\u00f3: Conservarem les seves dades personals de manera coherent amb les lleis i normatives de protecci\u00f3 de dades aplicables i no m\u00e9s del necessari per a les finalitats per a les quals han estat recopilades.<br \/>\nLes transfer\u00e8ncies internacionals: garantirem que totes les dades personals transferides fora de la UE\/EEE estan adequadament protegides.<br \/>\nTercers: garantirem que l\u2019acc\u00e9s i transfer\u00e8ncia de dades personals a tercers que es duran a terme d\u2019acord amb les lleis i reglaments aplicables i amb les garanties contractuals adequades.<br \/>\nMarketing Directe i cookies: ens assegurarem del compliment de la legislaci\u00f3 aplicable en mat\u00e8ria de publicitat i cookies.<\/p>\n<p><strong>3. TRACTAMENT DE DADES PERSONALS: QUINES DADES PERSONALS RECOPILEM I QUINS S\u00d3N ELS ASPECTES JUR\u00cdDICS?<\/strong><br \/>\nSempre que sol\u00b7licitem les seves dades personals, informarem amb claredat de quines dades personals recollim. Aquesta informaci\u00f3 li ser\u00e0 proporcionada mitjan\u00e7ant un av\u00eds de privacitat separat que, per exemple, s\u2019inclour\u00e0 en serveis espec\u00edfics (inclosos els serveis de comunicaci\u00f3), butlletins electr\u00f2nics, recordatoris, enquestes, ofertes, invitacions per a esdeveniments,\u00a0 etc.<br \/>\nTingui present \u00a0que, d\u2019acord amb la normativa de protecci\u00f3 de dades aplicable; les seves dades personals poden processar-se si:\u00a0ens ha donat el seu consentiment als efectes del tractament (tal com es descriu en l\u2019av\u00eds de privacitat relacionat amb aquest tractament en particular) Per evitar dubtes, sempre tindr\u00e0 dret a retirar el seu consentiment en qualsevol moment; o\u00a0\u00e9s necessari per a l\u2019execuci\u00f3 d\u2019un contracte del qual s\u2019\u00e9s part; o\u00a0amb aquest tractament, busquem un inter\u00e8s leg\u00edtim que no es vegi menyscabat pels seus drets de privacitats. Aquest inter\u00e8s leg\u00edtim se li comunicar\u00e0 degudament en l\u2019av\u00eds de privacitat relacionat amb aquell tractament en particular\u00a0\u00e9s requerit per llei.<\/p>\n<p><strong>4. PER A QUINES FINALITATS PROCESSEM LES SEVES DADES PERSONALS<\/strong><br \/>\nNom\u00e9s tractem les seves dades personals per a finalitats espec\u00edfiques, expl\u00edcites i leg\u00edtimes i no tractarem les seves dades personals de forma incompatible amb aquestes finalitats.<br \/>\nLa finalitat de cada tractament de les seves dades personals estar\u00e0 clarament definida en l\u2019av\u00eds de privacitat, per exemple, en un lloc web o portal, en una aplicaci\u00f3, en un butllet\u00ed electr\u00f2nic, etc.)<br \/>\nL\u2019usuari en complimentar qualsevol dels nostres formularis o posar-se en contacte amb XASEM Merchan &amp; Design s.l.<em>\u00a0<\/em>mitjan\u00e7ant el correu electr\u00f2nic autoritza expressament a la utilitzaci\u00f3 dels mateixos amb la finalitat d\u2019enviar-li per correu electr\u00f2nic informaci\u00f3 sobre ofertes, promocions, productes de XASEM Merchan &amp; Design s.l.<\/p>\n<p><strong>5. ACC\u00c8S A LES DADES PERSONALS<\/strong><br \/>\nVost\u00e8 t\u00e9 el dret a accedir a les seves dades personals que tenim i, si aquestes dades personals s\u00f3n inexactes o incomplertes, per sol\u00b7licitar la rectificaci\u00f3 o supressi\u00f3 d\u2019aquestes dades personals. Si desitja m\u00e9s informaci\u00f3 en relaci\u00f3 amb els seus drets de privacitat o desitja exercir qualsevol d\u2019aquests drets, si us plau posis en contacte\u00a0 amb nosaltres\u00a0 a trav\u00e9s del mail: <a href=\"mailto:info@xasem.com\">info@xasem<\/a><a href=\"mailto:info@xasem.com\">.com<\/a>.<\/p>\n<p><strong>6. DURACI\u00d3 DEL TRACTAMENT DE DADES<\/strong><br \/>\nMantindrem les seves dades personals amb arreglo al que es disposa en la normativa de protecci\u00f3 de dades. Nom\u00e9s es conservaran les seves dades personals\u00a0 durant en temps que sigui necessari per complir amb all\u00f2 disposat en la legislaci\u00f3 aplicable o per a les finalitats per a les que es processen les seves dades personals.<br \/>\nPer a obtenir informaci\u00f3 sobre quant de temps \u00e9s probable que es guardin certes dades personals abans de ser eliminades dels nostres sistemes i bases de dades, contacti amb nosaltres a trav\u00e9s del mail: <a href=\"mailto:info@xasem.com\">info@xasem.com<\/a>.<\/p>\n<p><strong>7. SEGURETAT DE DADES<\/strong><br \/>\nLes seves dades personals nom\u00e9s podran ser processades per un tercer si l\u2019Encarregat del Tractament es compromet a adoptar les mesures t\u00e8cniques i organitzatives que siguin necess\u00e0ries\u00a0per complir amb el comprom\u00eds de seguretat en el tractament de dades.<br \/>\nMantenir la seguretat de les dades significa protegir la confidencialitat, la integritat i la disponibilitat de les seves dades personals:<br \/>\n(a) Confidencialitat : protegirem les seves dades personals per a evitar la seva divulgaci\u00f3 a tercers.<br \/>\n(b) Integritat: protegirem les seves dades personals per a que no siguin modificades per tercers no autoritzats.<br \/>\n(c) Disponibilitat: Ens assegurem que les persones autoritzades puguin accedir a les seves dades personals quan sigui necessari.<\/p>\n<p><strong>8. \u00daS DE COOKIES I SERVEIS SIMILARS<\/strong><br \/>\nUtilitzem cookies en els nostres llocs web. Aix\u00f2 ens ajuda\u00a0a donar-li una millor experi\u00e8ncia quan navega en el nostre lloc web i tamb\u00e9 ens permet fer millores en el nostre lloc.<br \/>\nPer a m\u00e9s informaci\u00f3 soble l\u2019\u00fas de cookies i com evitar-les, si us plau consulti la nostra pol\u00edtica de cookies, disponible a XASEM Merchan &amp; Design s.l.<\/p>\n<p><strong>9. \u00daS DE XARXES SOCIALS<\/strong><br \/>\nSi utilitza un nom d\u2019usuari espec\u00edfic en una xarxa social com el seu nom d\u2019usuari de Facebook, Instagram o Twitter, XASEM Merchan &amp; Design s.l.<em>\u00a0<\/em>registrar\u00e0 les dades disponibles en aquestes xarxes socials i per al que expressament a perm\u00e8s la comunicaci\u00f3 a trav\u00e9s de l\u2019aplicaci\u00f3 seleccionada.<br \/>\nXASEM Merchan &amp; Design s.l. ocasions facilita la publicaci\u00f3 de les dades (personals) a trav\u00e9s de les xarxes socials com Instagram, Twitter i Facebook. Aquests mitjans de comunicaci\u00f3 social tenen les seves pr\u00f2pies condicions d\u2019\u00fas que vost\u00e8 est\u00e0 obligat a tenir present i observar si en fa \u00fas.<br \/>\nLa publicaci\u00f3 en mitjans socials pot tenir conseq\u00fc\u00e8ncies (no desitjades) inclosa la impossibilitat de retirada en un breu temps de la distribuci\u00f3 de la seva privacitat o la de les persones amb qui comparteix dades. Ha de tenir present aquestes conseq\u00fc\u00e8ncies, per a les quals vost\u00e8 est\u00e0 prenent la decisi\u00f3 sobre la publicaci\u00f3 en aquest mitjans. XASEM Merchan &amp; Design s.l.<em>\u00a0<\/em>no accepta cap responsabilitat en aquest sentit.<\/p>\n<p><strong>10. INFORMACI\u00d3 LEGAL<\/strong><br \/>\nEls requisits d\u2019aquesta Pol\u00edtica complementen, i no substitueixen, qualsevol altre requisit existent sota la llei de protecci\u00f3 de dades aplicable. En cas de contradicci\u00f3 entre el que est\u00e0 escrit en aquesta Pol\u00edtica i els requisits en la lleu de protecci\u00f3 de dades aplicable, la normativa de protecci\u00f3 de dades aplicable tindr\u00e0 prioritat.<br \/>\nXASEM Merchan &amp; Design s.l. pot modificar aquesta Pol\u00edtica en qualsevol moment. Pot verificar aquesta Pol\u00edtica peri\u00f2dicament a XASEM Merchan &amp; Design s.l.,<em>\u00a0<\/em>per\u00a0informar-se sobre qualsevol canvi.<\/p>\n<\/div><div class=\"fusion-clearfix\"><\/div><\/div><\/div><\/div><\/div>\n","protected":false},"excerpt":{"rendered":"","protected":false},"author":22,"featured_media":0,"parent":0,"menu_order":20,"comment_status":"closed","ping_status":"closed","template":"100-width.php","meta":{"footnotes":""},"class_list":["post-3","page","type-page","status-publish","hentry"],"_links":{"self":[{"href":"https:\/\/xasem.com\/ca\/wp-json\/wp\/v2\/pages\/3","targetHints":{"allow":["GET"]}}],"collection":[{"href":"https:\/\/xasem.com\/ca\/wp-json\/wp\/v2\/pages"}],"about":[{"href":"https:\/\/xasem.com\/ca\/wp-json\/wp\/v2\/types\/page"}],"author":[{"embeddable":true,"href":"https:\/\/xasem.com\/ca\/wp-json\/wp\/v2\/users\/22"}],"replies":[{"embeddable":true,"href":"https:\/\/xasem.com\/ca\/wp-json\/wp\/v2\/comments?post=3"}],"version-history":[{"count":12,"href":"https:\/\/xasem.com\/ca\/wp-json\/wp\/v2\/pages\/3\/revisions"}],"predecessor-version":[{"id":467,"href":"https:\/\/xasem.com\/ca\/wp-json\/wp\/v2\/pages\/3\/revisions\/467"}],"wp:attachment":[{"href":"https:\/\/xasem.com\/ca\/wp-json\/wp\/v2\/media?parent=3"}],"curies":[{"name":"wp","href":"https:\/\/api.w.org\/{rel}","templated":true}]}}

Política de privacitat

<div class="fusion-fullwidth fullwidth-box fusion-builder-row-1 nonhundred-percent-fullwidth non-hundred-percent-height-scrolling" style="--link_hover_color: #ffffff;--awb-border-radius-top-left:0px;--awb-border-radius-top-right:0px;--awb-border-radius-bottom-right:0px;--awb-border-radius-bottom-left:0px;--awb-background-color:#cecece;--awb-flex-wrap:wrap;" ><div class="fusion-builder-row fusion-row"><div class="fusion-layout-column fusion_builder_column fusion-builder-column-0 fusion_builder_column_1_1 1_1 fusion-one-full fusion-column-first fusion-column-last" style="--awb-bg-size:cover;--awb-margin-top:50px;--awb-margin-bottom:50px;"><div class="fusion-column-wrapper fusion-column-has-shadow fusion-flex-column-wrapper-legacy"><div class="fusion-text fusion-text-1"><h1>POLÍTICA<br />
DE PRIVACITAT</h1>
<p><strong>INFORMACIÓ GENERAL PROTECCIÓ DE DADES</strong></p>
<p>De conformitat amb el Reglament (UE) 2016/679, de 27 d’abril del 2016, relatiu a la protecció de les persones físiques en relació al tractament de dades personals i a la lliure circulació d’aquestes dades, així com amb la normativa estatal de protecció de dades. XASEM Merchan &amp; Design s.l. informa:</p>
<p><strong>1. QUI ÉS RESPONSABLE DEL TRACTAMENT DE LES SEVES DADES PERSONALS?</strong><br />
L’entitat que és responsable del tractament de les seves dades personals és:</p>
<p><strong>Denominació Social: </strong>XASEM Merchan &amp; Design s.l.<br />
<strong>Domicili social: </strong>Plaça de l&#8217;Ajuntament, 5. 08295 Sant Vicenç de Castellet (Barcelona).<br />
<strong>CIF/NIF: </strong>B67268763<br />
<strong>Telèfon: </strong>93 516 73 15<br />
<strong>E-Mail:</strong> <a href="mailto:info@xasem.com">info@xasem.com</a><span class="Apple-converted-space"><br />
</span><strong>Nom de domini: </strong>www.xasem.com</p>
<p><strong>2. PRINCIPIS CLAU</strong><br />
Valorem les dades personals que ens ha confiat i tenim el compromís de Tractar les seves dades Personals de manera justa, transparent i segura. Els principis clau que XASEM Merchan &amp; Design s.l.<strong> </strong>aplica són els següents:<br />
Legalitat : només recopilarem les seves Dades personals per a finalitats específiques, explícites i legítimes, i no processarem les seves dades personals de manera incompatible amb aquells propòsits.<br />
Minimització de dades: limitarem la recollida de dades de caràcter personal a allò que és estrictament rellevant i necessari per a les finalitats que s’han recopilat.<br />
Limitació de la Finalitat: només recollirem les seves dades personals per a finalitats específiques, explícites i legítimes, i no processarem les seves dades personals de manera incompatible amb aquelles finalitats.<br />
Precisió: mantindrem les seves dades personals exactes i actualitzades.<br />
Seguretat de les Dades: aplicarem les mesures tècniques i organitzatives adequades per garantir un nivell adient de seguretat en relació amb el riscos que presenti el tractament i la naturalesa de les dades que hagin de protegir-se. Aquests mitjans s’estableixen per prevenir de qualsevol divulgació o accés no autoritzat, la destrucció accidental o il·lícita o la seva pèrdua accidental o alteració i qualsevol altra forma de tractament il·lícit.<br />
Accés i rectificació: tractarem les seves dades personals d’acord amb els seus drets de privacitat.<br />
Conservació: Conservarem les seves dades personals de manera coherent amb les lleis i normatives de protecció de dades aplicables i no més del necessari per a les finalitats per a les quals han estat recopilades.<br />
Les transferències internacionals: garantirem que totes les dades personals transferides fora de la UE/EEE estan adequadament protegides.<br />
Tercers: garantirem que l’accés i transferència de dades personals a tercers que es duran a terme d’acord amb les lleis i reglaments aplicables i amb les garanties contractuals adequades.<br />
Marketing Directe i cookies: ens assegurarem del compliment de la legislació aplicable en matèria de publicitat i cookies.</p>
<p><strong>3. TRACTAMENT DE DADES PERSONALS: QUINES DADES PERSONALS RECOPILEM I QUINS SÓN ELS ASPECTES JURÍDICS?</strong><br />
Sempre que sol·licitem les seves dades personals, informarem amb claredat de quines dades personals recollim. Aquesta informació li serà proporcionada mitjançant un avís de privacitat separat que, per exemple, s’inclourà en serveis específics (inclosos els serveis de comunicació), butlletins electrònics, recordatoris, enquestes, ofertes, invitacions per a esdeveniments,  etc.<br />
Tingui present  que, d’acord amb la normativa de protecció de dades aplicable; les seves dades personals poden processar-se si: ens ha donat el seu consentiment als efectes del tractament (tal com es descriu en l’avís de privacitat relacionat amb aquest tractament en particular) Per evitar dubtes, sempre tindrà dret a retirar el seu consentiment en qualsevol moment; o és necessari per a l’execució d’un contracte del qual s’és part; o amb aquest tractament, busquem un interès legítim que no es vegi menyscabat pels seus drets de privacitats. Aquest interès legítim se li comunicarà degudament en l’avís de privacitat relacionat amb aquell tractament en particular és requerit per llei.</p>
<p><strong>4. PER A QUINES FINALITATS PROCESSEM LES SEVES DADES PERSONALS</strong><br />
Només tractem les seves dades personals per a finalitats específiques, explícites i legítimes i no tractarem les seves dades personals de forma incompatible amb aquestes finalitats.<br />
La finalitat de cada tractament de les seves dades personals estarà clarament definida en l’avís de privacitat, per exemple, en un lloc web o portal, en una aplicació, en un butlletí electrònic, etc.)<br />
L’usuari en complimentar qualsevol dels nostres formularis o posar-se en contacte amb XASEM Merchan &amp; Design s.l.<em> </em>mitjançant el correu electrònic autoritza expressament a la utilització dels mateixos amb la finalitat d’enviar-li per correu electrònic informació sobre ofertes, promocions, productes de XASEM Merchan &amp; Design s.l.</p>
<p><strong>5. ACCÈS A LES DADES PERSONALS</strong><br />
Vostè té el dret a accedir a les seves dades personals que tenim i, si aquestes dades personals són inexactes o incomplertes, per sol·licitar la rectificació o supressió d’aquestes dades personals. Si desitja més informació en relació amb els seus drets de privacitat o desitja exercir qualsevol d’aquests drets, si us plau posis en contacte  amb nosaltres  a través del mail: <a href="mailto:info@xasem.com">info@xasem</a><a href="mailto:info@xasem.com">.com</a>.</p>
<p><strong>6. DURACIÓ DEL TRACTAMENT DE DADES</strong><br />
Mantindrem les seves dades personals amb arreglo al que es disposa en la normativa de protecció de dades. Només es conservaran les seves dades personals  durant en temps que sigui necessari per complir amb allò disposat en la legislació aplicable o per a les finalitats per a les que es processen les seves dades personals.<br />
Per a obtenir informació sobre quant de temps és probable que es guardin certes dades personals abans de ser eliminades dels nostres sistemes i bases de dades, contacti amb nosaltres a través del mail: <a href="mailto:info@xasem.com">info@xasem.com</a>.</p>
<p><strong>7. SEGURETAT DE DADES</strong><br />
Les seves dades personals només podran ser processades per un tercer si l’Encarregat del Tractament es compromet a adoptar les mesures tècniques i organitzatives que siguin necessàries per complir amb el compromís de seguretat en el tractament de dades.<br />
Mantenir la seguretat de les dades significa protegir la confidencialitat, la integritat i la disponibilitat de les seves dades personals:<br />
(a) Confidencialitat : protegirem les seves dades personals per a evitar la seva divulgació a tercers.<br />
(b) Integritat: protegirem les seves dades personals per a que no siguin modificades per tercers no autoritzats.<br />
(c) Disponibilitat: Ens assegurem que les persones autoritzades puguin accedir a les seves dades personals quan sigui necessari.</p>
<p><strong>8. ÚS DE COOKIES I SERVEIS SIMILARS</strong><br />
Utilitzem cookies en els nostres llocs web. Això ens ajuda a donar-li una millor experiència quan navega en el nostre lloc web i també ens permet fer millores en el nostre lloc.<br />
Per a més informació soble l’ús de cookies i com evitar-les, si us plau consulti la nostra política de cookies, disponible a XASEM Merchan &amp; Design s.l.</p>
<p><strong>9. ÚS DE XARXES SOCIALS</strong><br />
Si utilitza un nom d’usuari específic en una xarxa social com el seu nom d’usuari de Facebook, Instagram o Twitter, XASEM Merchan &amp; Design s.l.<em> </em>registrarà les dades disponibles en aquestes xarxes socials i per al que expressament a permès la comunicació a través de l’aplicació seleccionada.<br />
XASEM Merchan &amp; Design s.l. ocasions facilita la publicació de les dades (personals) a través de les xarxes socials com Instagram, Twitter i Facebook. Aquests mitjans de comunicació social tenen les seves pròpies condicions d’ús que vostè està obligat a tenir present i observar si en fa ús.<br />
La publicació en mitjans socials pot tenir conseqüències (no desitjades) inclosa la impossibilitat de retirada en un breu temps de la distribució de la seva privacitat o la de les persones amb qui comparteix dades. Ha de tenir present aquestes conseqüències, per a les quals vostè està prenent la decisió sobre la publicació en aquest mitjans. XASEM Merchan &amp; Design s.l.<em> </em>no accepta cap responsabilitat en aquest sentit.</p>
<p><strong>10. INFORMACIÓ LEGAL</strong><br />
Els requisits d’aquesta Política complementen, i no substitueixen, qualsevol altre requisit existent sota la llei de protecció de dades aplicable. En cas de contradicció entre el que està escrit en aquesta Política i els requisits en la lleu de protecció de dades aplicable, la normativa de protecció de dades aplicable tindrà prioritat.<br />
XASEM Merchan &amp; Design s.l. pot modificar aquesta Política en qualsevol moment. Pot verificar aquesta Política periòdicament a XASEM Merchan &amp; Design s.l.,<em> </em>per informar-se sobre qualsevol canvi.</p>
</div><div class="fusion-clearfix"></div></div></div></div></div>
